{"id":146,"date":"2018-10-22T07:51:55","date_gmt":"2018-10-22T07:51:55","guid":{"rendered":"http:\/\/kita-werrawichtel-bsa.de\/?page_id=146"},"modified":"2024-11-08T14:22:04","modified_gmt":"2024-11-08T13:22:04","slug":"hasen","status":"publish","type":"page","link":"https:\/\/www.kita-werrawichtel-bsa.de\/?page_id=146","title":{"rendered":"Hasen"},"content":{"rendered":"\n<h2 class=\"wp-block-heading\">Wir betreuen Ihre Kinder in der Hasengruppe:<\/h2>\n\n\n\n<h2 class=\"wp-block-heading\">&nbsp;<\/h2>\n\n\n\n<p>_____________________________________<\/p>\n\n\n\n<h2 class=\"wp-block-heading\"><\/h2>\n\n\n\n<figure class=\"wp-block-image size-full is-resized\"><img decoding=\"async\" src=\"https:\/\/www.kita-werrawichtel-bsa.de\/wp-content\/uploads\/2024\/08\/WWE_8839-Kopie-731x1024-1.jpg\" alt=\"\" class=\"wp-image-932\" style=\"width:229px;height:auto\"\/><\/figure>\n\n\n\n<p>Mein Name ist Verena G\u00fcmpel.<\/p>\n\n\n\n<p>Seit Februar 2021 arbeite ich in der Kindertagesst\u00e4tte Werrawichtel.<\/p>\n\n\n\n<p>Der Entschluss Erzieherin zu werden stand f\u00fcr mich schon sehr fr\u00fch fest. Der vielf\u00e4ltige und kunterbunte Berufsalltag bereitet mir immer wieder aufs Neue viel Freude.<\/p>\n\n\n\n<p>Als Erzieherin liegt mir am Herzen:<\/p>\n\n\n\n<p>&nbsp;&nbsp;&nbsp;&nbsp;&nbsp;&nbsp;&nbsp;&nbsp;&nbsp;&nbsp;&nbsp; &#8211; Jedes Kind so anzunehmen wie es ist.<\/p>\n\n\n\n<p>&nbsp;&nbsp;&nbsp;&nbsp;&nbsp;&nbsp;&nbsp;&nbsp;&nbsp;&nbsp;&nbsp; &#8211; Die St\u00e4rken der Kinder zu entdecken und beim Wachsen zu begleiten.<\/p>\n\n\n\n<p>&nbsp;&nbsp;&nbsp;&nbsp;&nbsp;&nbsp;&nbsp;&nbsp;&nbsp;&nbsp;&nbsp; &#8211; Ihnen Freiheit und trotzdem Verbundenheit bieten.<\/p>\n\n\n\n<p>&nbsp;&nbsp;&nbsp;&nbsp;&nbsp;&nbsp;&nbsp;&nbsp;&nbsp;&nbsp;&nbsp; &#8211; Den Kindern die M\u00f6glichkeit er\u00f6ffnen im Kontakt mit der Natur Zusammenh\u00e4nge zu &nbsp;&nbsp;&nbsp;&nbsp;&nbsp;&nbsp;&nbsp;&nbsp;&nbsp;&nbsp;&nbsp;&nbsp;&nbsp; erleben und zu verstehen.<\/p>\n\n\n\n<figure class=\"wp-block-image size-large is-resized\"><img loading=\"lazy\" decoding=\"async\" width=\"721\" height=\"1024\" src=\"https:\/\/www.kita-werrawichtel-bsa.de\/wp-content\/uploads\/2024\/11\/Jessica-721x1024.jpg\" alt=\"\" class=\"wp-image-947\" style=\"width:215px;height:auto\" srcset=\"https:\/\/www.kita-werrawichtel-bsa.de\/wp-content\/uploads\/2024\/11\/Jessica-721x1024.jpg 721w, https:\/\/www.kita-werrawichtel-bsa.de\/wp-content\/uploads\/2024\/11\/Jessica-211x300.jpg 211w, https:\/\/www.kita-werrawichtel-bsa.de\/wp-content\/uploads\/2024\/11\/Jessica.jpg 740w\" sizes=\"auto, (max-width: 721px) 100vw, 721px\" \/><\/figure>\n\n\n\n<h6 class=\"wp-block-heading\">Jessica Melchert<\/h6>\n\n\n\n<figure class=\"wp-block-image size-large is-resized\"><img decoding=\"async\" src=\"https:\/\/www.kita-werrawichtel-bsa.de\/wp-content\/uploads\/2024\/06\/Lara-749x1024.jpg\" alt=\"\" class=\"wp-image-920\" style=\"width:225px;height:auto\"\/><\/figure>\n\n\n\n<p>Lara Kammradt; FSJ<\/p>\n\n\n\n\n\n<figure class=\"wp-block-gallery has-nested-images columns-default is-cropped wp-block-gallery-1 is-layout-flex wp-block-gallery-is-layout-flex\"><\/figure>\n\n\n\n<p><\/p>\n\n\n\n<h2 class=\"wp-block-heading\"><\/h2>\n\n\n\n<p><\/p>\n\n\n\n<p><\/p>\n\n\n\n<h6 class=\"wp-block-heading\">&nbsp;<\/h6>\n\n\n\n<p>Elizaveta Spiger<\/p>\n\n\n\n<h6 class=\"wp-block-heading\">&nbsp;<\/h6>\n\n\n\n<h6 class=\"wp-block-heading\">Fotos 1 &#8211; 7 : \u201eStudio Mittelm\u00fchle&#8220; | Sontra | www.studio-mittelmuehle.de<\/h6>\n\n\n\n<h6 class=\"wp-block-heading\">&nbsp;<\/h6>\n\n\n\n<p><\/p>\n","protected":false},"excerpt":{"rendered":"<p>Wir betreuen Ihre Kinder in der Hasengruppe: &nbsp; _____________________________________ Mein Name ist Verena G\u00fcmpel. Seit Februar 2021 arbeite ich in der Kindertagesst\u00e4tte Werrawichtel. Der Entschluss Erzieherin zu werden stand f\u00fcr mich schon sehr fr\u00fch fest. Der vielf\u00e4ltige und kunterbunte Berufsalltag bereitet mir immer wieder aufs Neue viel Freude. Als Erzieherin liegt mir am Herzen: &nbsp;&nbsp;&nbsp;&nbsp;&nbsp;&nbsp;&nbsp;&nbsp;&nbsp;&nbsp;&nbsp; &hellip; <a href=\"https:\/\/www.kita-werrawichtel-bsa.de\/?page_id=146\" class=\"more-link\"><span class=\"screen-reader-text\">Hasen<\/span> weiterlesen <span class=\"meta-nav\">&rarr;<\/span><\/a><\/p>\n","protected":false},"author":1,"featured_media":0,"parent":196,"menu_order":3,"comment_status":"closed","ping_status":"closed","template":"","meta":{"footnotes":""},"class_list":["post-146","page","type-page","status-publish","hentry"],"_links":{"self":[{"href":"https:\/\/www.kita-werrawichtel-bsa.de\/index.php?rest_route=\/wp\/v2\/pages\/146","targetHints":{"allow":["GET"]}}],"collection":[{"href":"https:\/\/www.kita-werrawichtel-bsa.de\/index.php?rest_route=\/wp\/v2\/pages"}],"about":[{"href":"https:\/\/www.kita-werrawichtel-bsa.de\/index.php?rest_route=\/wp\/v2\/types\/page"}],"author":[{"embeddable":true,"href":"https:\/\/www.kita-werrawichtel-bsa.de\/index.php?rest_route=\/wp\/v2\/users\/1"}],"replies":[{"embeddable":true,"href":"https:\/\/www.kita-werrawichtel-bsa.de\/index.php?rest_route=%2Fwp%2Fv2%2Fcomments&post=146"}],"version-history":[{"count":38,"href":"https:\/\/www.kita-werrawichtel-bsa.de\/index.php?rest_route=\/wp\/v2\/pages\/146\/revisions"}],"predecessor-version":[{"id":948,"href":"https:\/\/www.kita-werrawichtel-bsa.de\/index.php?rest_route=\/wp\/v2\/pages\/146\/revisions\/948"}],"up":[{"embeddable":true,"href":"https:\/\/www.kita-werrawichtel-bsa.de\/index.php?rest_route=\/wp\/v2\/pages\/196"}],"wp:attachment":[{"href":"https:\/\/www.kita-werrawichtel-bsa.de\/index.php?rest_route=%2Fwp%2Fv2%2Fmedia&parent=146"}],"curies":[{"name":"wp","href":"https:\/\/api.w.org\/{rel}","templated":true}]}}

<h2 class="wp-block-heading">Wir betreuen Ihre Kinder in der Hasengruppe:</h2>



<h2 class="wp-block-heading">&nbsp;</h2>



<p>_____________________________________</p>



<h2 class="wp-block-heading"></h2>



<figure class="wp-block-image size-full is-resized"><img decoding="async" src="https://www.kita-werrawichtel-bsa.de/wp-content/uploads/2024/08/WWE_8839-Kopie-731x1024-1.jpg" alt="" class="wp-image-932" style="width:229px;height:auto"/></figure>



<p>Mein Name ist Verena Gümpel.</p>



<p>Seit Februar 2021 arbeite ich in der Kindertagesstätte Werrawichtel.</p>



<p>Der Entschluss Erzieherin zu werden stand für mich schon sehr früh fest. Der vielfältige und kunterbunte Berufsalltag bereitet mir immer wieder aufs Neue viel Freude.</p>



<p>Als Erzieherin liegt mir am Herzen:</p>



<p>&nbsp;&nbsp;&nbsp;&nbsp;&nbsp;&nbsp;&nbsp;&nbsp;&nbsp;&nbsp;&nbsp; &#8211; Jedes Kind so anzunehmen wie es ist.</p>



<p>&nbsp;&nbsp;&nbsp;&nbsp;&nbsp;&nbsp;&nbsp;&nbsp;&nbsp;&nbsp;&nbsp; &#8211; Die Stärken der Kinder zu entdecken und beim Wachsen zu begleiten.</p>



<p>&nbsp;&nbsp;&nbsp;&nbsp;&nbsp;&nbsp;&nbsp;&nbsp;&nbsp;&nbsp;&nbsp; &#8211; Ihnen Freiheit und trotzdem Verbundenheit bieten.</p>



<p>&nbsp;&nbsp;&nbsp;&nbsp;&nbsp;&nbsp;&nbsp;&nbsp;&nbsp;&nbsp;&nbsp; &#8211; Den Kindern die Möglichkeit eröffnen im Kontakt mit der Natur Zusammenhänge zu &nbsp;&nbsp;&nbsp;&nbsp;&nbsp;&nbsp;&nbsp;&nbsp;&nbsp;&nbsp;&nbsp;&nbsp;&nbsp; erleben und zu verstehen.</p>



<figure class="wp-block-image size-large is-resized"><img loading="lazy" decoding="async" width="721" height="1024" src="https://www.kita-werrawichtel-bsa.de/wp-content/uploads/2024/11/Jessica-721x1024.jpg" alt="" class="wp-image-947" style="width:215px;height:auto" srcset="https://www.kita-werrawichtel-bsa.de/wp-content/uploads/2024/11/Jessica-721x1024.jpg 721w, https://www.kita-werrawichtel-bsa.de/wp-content/uploads/2024/11/Jessica-211x300.jpg 211w, https://www.kita-werrawichtel-bsa.de/wp-content/uploads/2024/11/Jessica.jpg 740w" sizes="auto, (max-width: 721px) 100vw, 721px" /></figure>



<h6 class="wp-block-heading">Jessica Melchert</h6>



<figure class="wp-block-image size-large is-resized"><img decoding="async" src="https://www.kita-werrawichtel-bsa.de/wp-content/uploads/2024/06/Lara-749x1024.jpg" alt="" class="wp-image-920" style="width:225px;height:auto"/></figure>



<p>Lara Kammradt; FSJ</p>





<figure class="wp-block-gallery has-nested-images columns-default is-cropped wp-block-gallery-1 is-layout-flex wp-block-gallery-is-layout-flex"></figure>



<p></p>



<h2 class="wp-block-heading"></h2>



<p></p>



<p></p>



<h6 class="wp-block-heading">&nbsp;</h6>



<p>Elizaveta Spiger</p>



<h6 class="wp-block-heading">&nbsp;</h6>



<h6 class="wp-block-heading">Fotos 1 &#8211; 7 : „Studio Mittelmühle&#8220; | Sontra | www.studio-mittelmuehle.de</h6>



<h6 class="wp-block-heading">&nbsp;</h6>



<p></p>

<p>Wir betreuen Ihre Kinder in der Hasengruppe: &nbsp; _____________________________________ Mein Name ist Verena Gümpel. Seit Februar 2021 arbeite ich in der Kindertagesstätte Werrawichtel. Der Entschluss Erzieherin zu werden stand für mich schon sehr früh fest. Der vielfältige und kunterbunte Berufsalltag bereitet mir immer wieder aufs Neue viel Freude. Als Erzieherin liegt mir am Herzen: &nbsp;&nbsp;&nbsp;&nbsp;&nbsp;&nbsp;&nbsp;&nbsp;&nbsp;&nbsp;&nbsp; &hellip; <a href="https://www.kita-werrawichtel-bsa.de/?page_id=146" class="more-link"><span class="screen-reader-text">Hasen</span> weiterlesen <span class="meta-nav">&rarr;</span></a></p>
